ue
Is 34451039 composite?
True
Is 8355819 a prime number?
False
Is 291554819 a prime number?
True
Is 43494007 a composite number?
True
Is 22459559 a composite number?
True
Is 19707283 a prime number?
True
Is 25561189 a prime number?
True
Is 361461707 a composite number?
True
Is 3037943 a composite number?
True
Is 13447055 composite?
True
Is 2411701 prime?
False
Is 662237 a prime number?
False
Is 538402049 prime?
True
Is 117021811 composite?
True
Is 6757229 a prime number?
True
Is 18022379 a composite number?
False
Is 120303091 a prime number?
True
Is 3190493 a prime number?
False
Is 12300367 composite?
True
Is 418849531 composite?
False
Is 132017 a composite number?
True
Is 10242899 prime?
True
Is 889369607 a prime number?
False
Is 220462831 a prime number?
True
Is 668760566 a prime number?
False
Is 129127763 prime?
True
Is 2530709 prime?
True
Is 2793029 prime?
False
Is 571381 a prime number?
True
Is 66038903 prime?
False
Is 389449 composite?
True
Is 14446309 a composite number?
True
Is 37196977 a prime number?
False
Is 50775229 a prime number?
True
Is 155389441 a composite number?
True
Is 48301481 composite?
False
Is 70703837 prime?
True
Is 15292379 prime?
True
Is 575969 prime?
False
Is 40979987 a prime number?
False
Is 6562261 a prime number?
True
Is 2833279 a composite number?
False
Is 26521421 prime?
False
Is 116700103 prime?
False
Is 149952809 prime?
True
Is 14957079 composite?
True
Is 44936581 composite?
True
Is 83800855 composite?
True
Is 9021619 a prime number?
True
Is 25852129 prime?
True
Is 205880111 a prime number?
True
Is 100456037 a composite number?
True
Is 15097271 prime?
False
Is 13199071 prime?
True
Is 39871805 a prime number?
False
Is 187901261 prime?
False
Is 3671011 a prime number?
False
Is 37366223 composite?
True
Is 73412993 a prime number?
True
Is 209425997 a prime number?
False
Is 4177969 composite?
False
Is 8567529 a composite number?
True
Is 49854431 a prime number?
False
Is 15699647 a prime number?
False
Is 99078011 a composite number?
False
Is 2160253 prime?
True
Is 327071 a composite number?
False
Is 8571701 a composite number?
False
Is 42062833 a composite number?
False
Is 340979 composite?
False
Is 1035719 composite?
True
Is 42903506 a composite number?
True
Is 1369309289 a composite number?
True
Is 32647067 a composite number?
True
Is 3102709 composite?
True
Is 110693291 a composite number?
False
Is 38297062 prime?
False
Is 27877991 composite?
True
Is 155551427 a composite number?
False
Is 37838993 composite?
True
Is 9076517 a composite number?
False
Is 55639217 prime?
True
Is 191037921 a composite number?
True
Is 594773 composite?
False
Is 59952953 a prime number?
True
Is 7924603 a composite number?
True
Is 26447761 a prime number?
True
Is 31228537 composite?
False
Is 173536369 prime?
True
Is 65912807 a composite number?
False
Is 484721761 a prime number?
True
Is 2900207 a composite number?
False
Is 33987131 a composite number?
True
Is 33569491 prime?
True
Is 5422994 composite?
True
Is 6430729 composite?
True
Is 8403911 a prime number?
False
Is 199672601 prime?
True
Is 6870233 composite?
False
Is 4696009 composite?
True
Is 14527687 composite?
False
Is 21734621 composite?
False
Is 77389201 a composite number?
False
Is 554989 a composite number?
True
Is 97590811 a composite number?
False
Is 1467461 composite?
True
Is 6768922 a prime number?
False
Is 105920197 a composite number?
True
Is 28657693 a prime number?
False
Is 15671303 prime?
False
Is 41421509 a prime number?
True
Is 1282103 composite?
True
Is 4399221 a composite number?
True
Is 46132283 prime?
True
Is 1307569 a prime number?
False
Is 32241619 a composite number?
False
Is 383249131 a prime number?
True
Is 6923821 a composite number?
False
Is 3996221 prime?
True
Is 1467073 composite?
True
Is 664697 prime?
False
Is 720527 a composite number?
False
Is 8125283 a prime number?
False
Is 5210243 composite?
False
Is 856301 prime?
True
Is 45422971 prime?
False
Is 21787979 a composite number?
False
Is 285606467 prime?
True
Is 100643973 a prime number?
False
Is 35621863 composite?
False
Is 7877283 composite?
True
Is 1168259 a prime number?
False
Is 1540861 a prime number?
False
Is 76922015 a composite number?
True
Is 263807 a composite number?
True
Is 39760453 a prime number?
True
Is 2530777 a composite number?
False
Is 2753411 a composite number?
False
Is 4934095 composite?
True
Is 54680618 composite?
True
Is 4396837 a prime number?
False
Is 475293263 a prime number?
True
Is 401031905 a prime number?
False
Is 559646261 composite?
False
Is 19080799 prime?
False
Is 6381371 prime?
True
Is 12380183 a prime number?
True
Is 418642373 a prime number?
False
Is 4543549 prime?
True
Is 8302297 prime?
False
Is 1185071 a composite number?
False
Is 90178331 composite?
True
Is 478505 composite?
True
Is 66104071 prime?
False
Is 38145997 a prime number?
True
Is 333987443 a composite number?
True
Is 131967679 prime?
True
Is 30243013 a composite number?
False
Is 758935 a composite number?
True
Is 38865454 a composite number?
True
Is 43252787 prime?
True
Is 307502453 a composite number?
False
Is 32379701 prime?
True
Is 80736133 a composite number?
False
Is 13865717 a composite number?
True
Is 58399757 prime?
False
Is 161062823 composite?
True
Is 2540323 composite?
False
Is 8596297 a prime number?
True
Is 1104427 a prime number?
True
Is 1449511 a composite number?
True
Is 77983283 prime?
False
Is 547763 a prime number?
True
Is 9912869 composite?
False
Is 9816713 composite?
True
Is 156252883 a prime number?
False
Is 297535721 prime?
False
Is 84001861 a composite number?
True
Is 3956261 prime?
True
Is 22606373 composite?
False
Is 157810757 composite?
True
Is 11046887 prime?
True
Is 2959937 prime?
True
Is 5656379 prime?
True
Is 196484521 a prime number?
False
Is 28817689 prime?
False
Is 74957923 prime?
False
Is 19336831 a prime number?
True
Is 2854229 a composite number?
True
Is 6564967 a prime number?
True
Is 1294046081 a prime number?
True
Is 5722301 a composite number?
True
Is 1812661 a prime number?
True
Is 1474349 composite?
False
Is 80969261 composite?
False
Is 991347493 a composite number?
False
Is 457871 prime?
True
Is 5237483 composite?
True
Is 312359 a prime number?
False
Is 10526309 a prime number?
False
Is 1442731 a prime number?
True
Is 5299897 a prime number?
True
Is 13499393 composite?
True
Is 4323001 prime?
False
Is 15149347 prime?
True
Is 646898401 a prime number?
False
Is 566932601 a prime number?
True
Is 89080627 a composite number?
False
Is 28448579 a composite number?
False
Is 119369 composite?
True
Is 6883841 a composite number?
False
Is 56003981 a prime number?
False
Is 308621969 a prime number?
False
Is 1814249 a prime number?
False
Is 191355545 a prime number?
False
Is 108125723 a prime number?
True
Is 67586257 a composite number?
False
Is 30285719 prime?
False
Is 6032249 composite?
True
Is 3500563 prime?
False
Is 57194143 prime?
False
Is 157783 a composite number?
True
Is 22730749 a prime number?
False
Is 325317463 prime?
True
Is 209542717 prime?
True
Is 42331493 composite?
True
Is 12726749 a prime number?
False
Is 2627957 prime?
False
Is 27766985 composite?
True
Is 630089 prime?
False
Is 222494221 prime?
False
Is 3786899 prime?
True
Is 3495911 composite?
False
Is 129811489 a composite number?
False
Is 1305391 a prime number?
True
Is 9565279 prime?
True
Is 3342943 prime?
True
Is 897229 a composite number?
False
Is 6263447 composite?
True
Is 571125287 a composite number?
False
Is 48018849 prime?
False
Is 3510451 a composite number?
True
Is 60951427 a prime number?
False
Is 1038959 composite?
True
Is 930581 prime?
False
Is 998841 composite?
True
Is 1338583 composite?
True
Is 87207646 a composite number?
True
Is 8461711 composite?
False
Is 60846437 a prime number?
False
Is 35120153 a composite number?
False
Is 1998089 a prime number?
True
Is 16868699 composite?
False
Is 146586899 prime?
True
Is 709463 prime?
False
Is 302959 prime?
True
Is 1383263 composite?
True
Is 120719321 a prime number?
True
Is 182399915 composite?
True
Is 2319133 prime?
True
Is 102702367 composite?
True
Is 2323297 a prime number?
True
Is 10403537 composite?
False
Is 88365499 composite?
True
Is 19979983 a prime number?
False
Is 8527097 a prime number?
True
Is 239807 a prime number?
True
I